{"id":510,"date":"2016-01-01T11:25:38","date_gmt":"2016-01-01T11:25:38","guid":{"rendered":"http:\/\/www.sejour-culinair.fr\/wordpress\/?page_id=510"},"modified":"2024-10-22T14:54:10","modified_gmt":"2024-10-22T14:54:10","slug":"superior-room","status":"publish","type":"page","link":"https:\/\/www.sejour-culinair.fr\/fr\/superior-room\/","title":{"rendered":"Chambre Cat\u00e9gorie Sup\u00e9rieure"},"content":{"rendered":"<p><div class=\"fotorama\" data-nav=\"thumbs\"><a href=\"https:\/\/www.sejour-culinair.fr\/wordpress\/wp-content\/uploads\/2019\/01\/Foto-RobertAarts_150418_012-contrast.jpg\"><img src=\"h\" alt=\"\" \/><\/a><a href=\"https:\/\/www.sejour-culinair.fr\/wordpress\/wp-content\/uploads\/2019\/01\/Foto-RobertAarts_150418_013-contrast.jpg\"><img src=\"h\" alt=\"\" \/><\/a><a href=\"https:\/\/www.sejour-culinair.fr\/wordpress\/wp-content\/uploads\/2019\/01\/Foto-RobertAarts_150418_011-contrast.jpg\"><img src=\"h\" alt=\"\" \/><\/a><a href=\"https:\/\/www.sejour-culinair.fr\/wordpress\/wp-content\/uploads\/2016\/01\/3bellescharolaises-2-e1455533080203.jpg\"><img src=\"h\" alt=\"\" \/><\/a><a href=\"https:\/\/www.sejour-culinair.fr\/wordpress\/wp-content\/uploads\/2015\/12\/caf\u00e9outh\u00e9-e1455535980592.jpg\"><img src=\"h\" alt=\"\" \/><\/a><a href=\"https:\/\/www.sejour-culinair.fr\/wordpress\/wp-content\/uploads\/2015\/12\/Foto-RobertAarts_charolaise2-e1455531849663.jpg\"><img src=\"h\" alt=\"\" \/><\/a><a href=\"https:\/\/www.sejour-culinair.fr\/wordpress\/wp-content\/uploads\/2015\/12\/Foto-RobertAarts_charolaise1-e1455532029867.jpg\"><img src=\"h\" alt=\"\" \/><\/a><a href=\"https:\/\/www.sejour-culinair.fr\/wordpress\/wp-content\/uploads\/2023\/09\/marshaal-bluetooth-speaker-crop.jpg\"><img src=\"h\" alt=\"\" \/><\/a><a href=\"https:\/\/www.sejour-culinair.fr\/wordpress\/wp-content\/uploads\/2023\/09\/IMG_4731-2-clean-crop.jpg\"><img src=\"h\" alt=\"\" \/><\/a><\/div><\/p>\n<h4>commodit\u00e9s de la chambre<\/h4>\n<p>Cette chambre la plus spacieuse (plus de 28 m2) est \u00e9quip\u00e9e pour deux personnes, situ\u00e9e au centre de notre jardin c\u00f4te sud et a son propre coin salon charmant. La salle de bains priv\u00e9e a son plancher chauffant, ses s\u00e8ches serviettes, baignoire, lavabo, douche et \u00e0 c\u00f4t\u00e9 les toilettes ferm\u00e9es. peignoires disponibles. Minibar et Service de caf\u00e9 et th\u00e9 dans le coin salon. Connexion WiFi gratuite. Marshall Acton II Haut-Parleur Bluetooth disponible. La chambre est seulement accessible \u00e0 partir du jardin et vous offrira une belle vue du bourg de Vergheas. Grand lit super king size (180 x 200 cm) ou si vous le souhaitez 2 lits simples (90 x 200 cm). S&rsquo;il vous pla\u00eet indiquer votre pr\u00e9f\u00e9rence lors de la r\u00e9servation!<\/p>\n<h4>tarif de la chambre<\/h4>\n<p><strong>2025 Tarif petits d\u00e9jeuners fran\u00e7aises compris. Frais suppl\u00e9mentaires applicables.<\/strong><\/p>\n<table id=\"AutoNumber1\" style=\"border-collapse: collapse;\" border=\"2\" width=\"100%\" cellspacing=\"1\" cellpadding=\"1\">\n<tbody style=\"font-family: Arial, Helvetica, sans-serif; font-size: 13px; color: #987640; width: 620px; line-height: 100%; text-align: justify;\">\n<tr style=\"border-bottom: 1px solid #000;\">\n<td>Tarif par nuit\u00e9e.<\/td>\n<td>Basse saison<\/td>\n<td>Saison interm\u00e9diaire<\/td>\n<td>Haute saison<\/td>\n<td><\/td>\n<td>\u00a0 Surcharge<\/td>\n<\/tr>\n<tr>\n<td>\u00a01 personne<\/td>\n<td>\u00a0\u20ac 118,-<\/td>\n<td>\u00a0\u20ac 121,-<\/td>\n<td>\u00a0\u20ac 125,-<\/td>\n<td>\u00a0Chien dans la chambre.<\/td>\n<td>\u00a0\u20ac 9,- p.n.<\/td>\n<\/tr>\n<tr>\n<td>\u00a02 personnes<\/td>\n<td>\u00a0\u20ac 118,-<\/td>\n<td>\u00a0\u20ac 121,-<\/td>\n<td>\u00a0\u20ac 125,-<\/td>\n<td>\u00a0Lit d&rsquo;appiont.<\/td>\n<td>\u00a0\u20ac 25,- p.n.<\/td>\n<\/tr>\n<\/tbody>\n<\/table>\n<p><img decoding=\"async\" loading=\"lazy\" class=\"alignright size-medium wp-image-3109\" title=\"Promotion\" src=\"https:\/\/www.sejour-culinair.fr\/wordpress\/wp-content\/uploads\/2018\/12\/Sejournez-2-nuits.jpg\" alt=\"Promotion\" width=\"410\" height=\"156\" \/><br \/>\n&#8211; Taxe de s\u00e9jour obligatoire \u20ac 0,80 la nuit\u00e9e pour toute personne de plus de 18 ans, non compris.<br \/>\n&#8211; Lit d&rsquo;appoint (Max. 1) disponible apr\u00e8s consentement pr\u00e9alable.<br \/>\n&#8211; Saison interm\u00e9diaire: 24 Mai au 1 Juillet et 1 Septembre au 14 Septembre.<br \/>\n&#8211; Haute saison: 2 Juillet au 31 Ao\u00fbt.<\/p>\n<p><a class=\"read-more\" href=\"https:\/\/via.eviivo.com\/fr-FR\/lecuisinier63\/\" target=\"_blank\" rel=\"noopener noreferrer\">V\u00e9rifier la disponibilit\u00e9 <i class=\"fa fa-angle-right mideum\"><\/i><\/a><\/p>","protected":false},"excerpt":{"rendered":"<p>commodit\u00e9s de la chambre Cette chambre la plus spacieuse (plus de 28 m2) est \u00e9quip\u00e9e pour deux personnes, situ\u00e9e au centre de notre jardin c\u00f4te sud et a son propre coin salon charmant. La salle de bains priv\u00e9e a son&#8230; <\/p>\n","protected":false},"author":1,"featured_media":0,"parent":0,"menu_order":0,"comment_status":"closed","ping_status":"closed","template":"","meta":[],"_links":{"self":[{"href":"https:\/\/www.sejour-culinair.fr\/fr\/wp-json\/wp\/v2\/pages\/510"}],"collection":[{"href":"https:\/\/www.sejour-culinair.fr\/fr\/wp-json\/wp\/v2\/pages"}],"about":[{"href":"https:\/\/www.sejour-culinair.fr\/fr\/wp-json\/wp\/v2\/types\/page"}],"author":[{"embeddable":true,"href":"https:\/\/www.sejour-culinair.fr\/fr\/wp-json\/wp\/v2\/users\/1"}],"replies":[{"embeddable":true,"href":"https:\/\/www.sejour-culinair.fr\/fr\/wp-json\/wp\/v2\/comments?post=510"}],"version-history":[{"count":64,"href":"https:\/\/www.sejour-culinair.fr\/fr\/wp-json\/wp\/v2\/pages\/510\/revisions"}],"predecessor-version":[{"id":2083,"href":"https:\/\/www.sejour-culinair.fr\/fr\/wp-json\/wp\/v2\/pages\/510\/revisions\/2083"}],"wp:attachment":[{"href":"https:\/\/www.sejour-culinair.fr\/fr\/wp-json\/wp\/v2\/media?parent=510"}],"curies":[{"name":"wp","href":"https:\/\/api.w.org\/{rel}","templated":true}]}}

Chambre Catégorie Supérieure

<p><div class="fotorama" data-nav="thumbs"><a href="https://www.sejour-culinair.fr/wordpress/wp-content/uploads/2019/01/Foto-RobertAarts_150418_012-contrast.jpg"><img src="h" alt="" /></a><a href="https://www.sejour-culinair.fr/wordpress/wp-content/uploads/2019/01/Foto-RobertAarts_150418_013-contrast.jpg"><img src="h" alt="" /></a><a href="https://www.sejour-culinair.fr/wordpress/wp-content/uploads/2019/01/Foto-RobertAarts_150418_011-contrast.jpg"><img src="h" alt="" /></a><a href="https://www.sejour-culinair.fr/wordpress/wp-content/uploads/2016/01/3bellescharolaises-2-e1455533080203.jpg"><img src="h" alt="" /></a><a href="https://www.sejour-culinair.fr/wordpress/wp-content/uploads/2015/12/caféouthé-e1455535980592.jpg"><img src="h" alt="" /></a><a href="https://www.sejour-culinair.fr/wordpress/wp-content/uploads/2015/12/Foto-RobertAarts_charolaise2-e1455531849663.jpg"><img src="h" alt="" /></a><a href="https://www.sejour-culinair.fr/wordpress/wp-content/uploads/2015/12/Foto-RobertAarts_charolaise1-e1455532029867.jpg"><img src="h" alt="" /></a><a href="https://www.sejour-culinair.fr/wordpress/wp-content/uploads/2023/09/marshaal-bluetooth-speaker-crop.jpg"><img src="h" alt="" /></a><a href="https://www.sejour-culinair.fr/wordpress/wp-content/uploads/2023/09/IMG_4731-2-clean-crop.jpg"><img src="h" alt="" /></a></div></p>
<h4>commodités de la chambre</h4>
<p>Cette chambre la plus spacieuse (plus de 28 m2) est équipée pour deux personnes, située au centre de notre jardin côte sud et a son propre coin salon charmant. La salle de bains privée a son plancher chauffant, ses sèches serviettes, baignoire, lavabo, douche et à côté les toilettes fermées. peignoires disponibles. Minibar et Service de café et thé dans le coin salon. Connexion WiFi gratuite. Marshall Acton II Haut-Parleur Bluetooth disponible. La chambre est seulement accessible à partir du jardin et vous offrira une belle vue du bourg de Vergheas. Grand lit super king size (180 x 200 cm) ou si vous le souhaitez 2 lits simples (90 x 200 cm). S&rsquo;il vous plaît indiquer votre préférence lors de la réservation!</p>
<h4>tarif de la chambre</h4>
<p><strong>2025 Tarif petits déjeuners françaises compris. Frais supplémentaires applicables.</strong></p>
<table id="AutoNumber1" style="border-collapse: collapse;" border="2" width="100%" cellspacing="1" cellpadding="1">
<tbody style="font-family: Arial, Helvetica, sans-serif; font-size: 13px; color: #987640; width: 620px; line-height: 100%; text-align: justify;">
<tr style="border-bottom: 1px solid #000;">
<td>Tarif par nuitée.</td>
<td>Basse saison</td>
<td>Saison intermédiaire</td>
<td>Haute saison</td>
<td></td>
<td>  Surcharge</td>
</tr>
<tr>
<td> 1 personne</td>
<td> € 118,-</td>
<td> € 121,-</td>
<td> € 125,-</td>
<td> Chien dans la chambre.</td>
<td> € 9,- p.n.</td>
</tr>
<tr>
<td> 2 personnes</td>
<td> € 118,-</td>
<td> € 121,-</td>
<td> € 125,-</td>
<td> Lit d&rsquo;appiont.</td>
<td> € 25,- p.n.</td>
</tr>
</tbody>
</table>
<p><img decoding="async" loading="lazy" class="alignright size-medium wp-image-3109" title="Promotion" src="https://www.sejour-culinair.fr/wordpress/wp-content/uploads/2018/12/Sejournez-2-nuits.jpg" alt="Promotion" width="410" height="156" /><br />
&#8211; Taxe de séjour obligatoire € 0,80 la nuitée pour toute personne de plus de 18 ans, non compris.<br />
&#8211; Lit d&rsquo;appoint (Max. 1) disponible après consentement préalable.<br />
&#8211; Saison intermédiaire: 24 Mai au 1 Juillet et 1 Septembre au 14 Septembre.<br />
&#8211; Haute saison: 2 Juillet au 31 Août.</p>
<p><a class="read-more" href="https://via.eviivo.com/fr-FR/lecuisinier63/" target="_blank" rel="noopener noreferrer">Vérifier la disponibilité <i class="fa fa-angle-right mideum"></i></a></p>

<p>commodités de la chambre Cette chambre la plus spacieuse (plus de 28 m2) est équipée pour deux personnes, située au centre de notre jardin côte sud et a son propre coin salon charmant. La salle de bains privée a son&#8230; </p>
